{"id":42,"date":"2024-04-19T16:11:43","date_gmt":"2024-04-19T19:11:43","guid":{"rendered":"https:\/\/produtos.allcard.com.br\/?page_id=42"},"modified":"2024-06-08T18:02:37","modified_gmt":"2024-06-08T21:02:37","slug":"comandas-catalogo","status":"publish","type":"page","link":"https:\/\/produtos.allcard.com.br\/index.php\/comandas-catalogo\/","title":{"rendered":"Comandas de Consumo"},"content":{"rendered":"\n<div class=\"wp-block-cover is-light\" style=\"min-height:127px;aspect-ratio:unset;\"><span aria-hidden=\"true\" class=\"wp-block-cover__background has-background-dim-70 has-background-dim\" style=\"background-color:#ff8c00\"><\/span><div class=\"wp-block-cover__inner-container is-layout-constrained wp-block-cover-is-layout-constrained\">\n<div style=\"height:12px\" aria-hidden=\"true\" class=\"wp-block-spacer\"><\/div>\n\n\n\n<p class=\"has-text-align-center has-large-font-size\"><strong>Comandas de Consumo<\/strong><\/p>\n<\/div><\/div>\n\n\n\n<div class=\"wp-block-columns is-layout-flex wp-container-core-columns-is-layout-9d6595d7 wp-block-columns-is-layout-flex\">\n<div class=\"wp-block-column is-layout-flow wp-block-column-is-layout-flow\">\n<div class=\"wp-block-media-text is-stacked-on-mobile\"><figure class=\"wp-block-media-text__media\"><img fetchpriority=\"high\" decoding=\"async\" width=\"1024\" height=\"1024\" src=\"https:\/\/produtos.allcard.com.br\/wp-content\/uploads\/2024\/04\/10x15-catalogo-1024x1024.png\" alt=\"\" class=\"wp-image-81 size-full\" srcset=\"https:\/\/produtos.allcard.com.br\/wp-content\/uploads\/2024\/04\/10x15-catalogo-1024x1024.png 1024w, https:\/\/produtos.allcard.com.br\/wp-content\/uploads\/2024\/04\/10x15-catalogo-300x300.png 300w, https:\/\/produtos.allcard.com.br\/wp-content\/uploads\/2024\/04\/10x15-catalogo-150x150.png 150w, https:\/\/produtos.allcard.com.br\/wp-content\/uploads\/2024\/04\/10x15-catalogo-768x768.png 768w, https:\/\/produtos.allcard.com.br\/wp-content\/uploads\/2024\/04\/10x15-catalogo-600x600.png 600w, https:\/\/produtos.allcard.com.br\/wp-content\/uploads\/2024\/04\/10x15-catalogo-100x100.png 100w, https:\/\/produtos.allcard.com.br\/wp-content\/uploads\/2024\/04\/10x15-catalogo.png 1200w\" sizes=\"(max-width: 1024px) 100vw, 1024px\" \/><\/figure><div class=\"wp-block-media-text__content\">\n<h4 class=\"wp-block-heading has-text-align-center\">Comanda 10&#215;15 cm<\/h4>\n\n\n\n<ul class=\"wp-block-list\">\n<li class=\"has-small-font-size\">Externo: 10x15cm<\/li>\n\n\n\n<li class=\"has-small-font-size\">Arte: 9,2&#215;14,2cm<\/li>\n\n\n\n<li class=\"has-small-font-size\">Espessura: 0,5cm<\/li>\n\n\n\n<li class=\"has-small-font-size\">c\u00f3d barras, QrCode, CHIP RFID, chip Antifurto, instagram, whatsapp, etc<\/li>\n\n\n\n<li class=\"has-small-font-size\">Base ABS resistente Preta;<\/li>\n\n\n\n<li class=\"has-small-font-size\">Compat\u00edvel com catracas e antifurto, consulte.<\/li>\n<\/ul>\n<\/div><\/div>\n<\/div>\n\n\n\n<div class=\"wp-block-column is-layout-flow wp-block-column-is-layout-flow\">\n<div class=\"wp-block-media-text has-media-on-the-right is-stacked-on-mobile\"><div class=\"wp-block-media-text__content\">\n<h5 class=\"wp-block-heading has-text-align-center\">Comanda 9,6&#215;6,8cm MD01<\/h5>\n\n\n\n<ul class=\"wp-block-list\">\n<li class=\"has-small-font-size\">Externo: 9,6&#215;6,8cm<\/li>\n\n\n\n<li class=\"has-small-font-size\">Arte: 6,2&#215;9 cm<\/li>\n\n\n\n<li class=\"has-small-font-size\">Espessura 0,5cm<\/li>\n\n\n\n<li class=\"has-small-font-size\">C\u00f3d barras, Qrcode, CHIP RFID, Chip antifurto, instagram, whatsapp, etc;<\/li>\n\n\n\n<li class=\"has-small-font-size\">Pode utilizar em catracas 9&#215;7, compat\u00edvel com alguns modelos 0,3cm de espessura, consulte seu vendedor;<\/li>\n<\/ul>\n<\/div><figure class=\"wp-block-media-text__media\"><img decoding=\"async\" width=\"1024\" height=\"1024\" src=\"https:\/\/produtos.allcard.com.br\/wp-content\/uploads\/2024\/04\/Comanda-pequena-1024x1024.png\" alt=\"\" class=\"wp-image-86 size-full\" srcset=\"https:\/\/produtos.allcard.com.br\/wp-content\/uploads\/2024\/04\/Comanda-pequena-1024x1024.png 1024w, https:\/\/produtos.allcard.com.br\/wp-content\/uploads\/2024\/04\/Comanda-pequena-300x300.png 300w, https:\/\/produtos.allcard.com.br\/wp-content\/uploads\/2024\/04\/Comanda-pequena-150x150.png 150w, https:\/\/produtos.allcard.com.br\/wp-content\/uploads\/2024\/04\/Comanda-pequena-768x768.png 768w, https:\/\/produtos.allcard.com.br\/wp-content\/uploads\/2024\/04\/Comanda-pequena-600x600.png 600w, https:\/\/produtos.allcard.com.br\/wp-content\/uploads\/2024\/04\/Comanda-pequena-100x100.png 100w, https:\/\/produtos.allcard.com.br\/wp-content\/uploads\/2024\/04\/Comanda-pequena.png 1200w\" sizes=\"(max-width: 1024px) 100vw, 1024px\" \/><\/figure><\/div>\n<\/div>\n<\/div>\n\n\n\n<div class=\"wp-block-columns is-layout-flex wp-container-core-columns-is-layout-9d6595d7 wp-block-columns-is-layout-flex\">\n<div class=\"wp-block-column is-layout-flow wp-block-column-is-layout-flow\">\n<div class=\"wp-block-media-text is-stacked-on-mobile\"><figure class=\"wp-block-media-text__media\"><img decoding=\"async\" width=\"1024\" height=\"1024\" src=\"https:\/\/produtos.allcard.com.br\/wp-content\/uploads\/2024\/04\/Comanda-base-nova-001-1024x1024.png\" alt=\"\" class=\"wp-image-68 size-full\" srcset=\"https:\/\/produtos.allcard.com.br\/wp-content\/uploads\/2024\/04\/Comanda-base-nova-001-1024x1024.png 1024w, https:\/\/produtos.allcard.com.br\/wp-content\/uploads\/2024\/04\/Comanda-base-nova-001-300x300.png 300w, https:\/\/produtos.allcard.com.br\/wp-content\/uploads\/2024\/04\/Comanda-base-nova-001-150x150.png 150w, https:\/\/produtos.allcard.com.br\/wp-content\/uploads\/2024\/04\/Comanda-base-nova-001-768x768.png 768w, https:\/\/produtos.allcard.com.br\/wp-content\/uploads\/2024\/04\/Comanda-base-nova-001-600x600.png 600w, https:\/\/produtos.allcard.com.br\/wp-content\/uploads\/2024\/04\/Comanda-base-nova-001-100x100.png 100w, https:\/\/produtos.allcard.com.br\/wp-content\/uploads\/2024\/04\/Comanda-base-nova-001.png 1200w\" sizes=\"(max-width: 1024px) 100vw, 1024px\" \/><\/figure><div class=\"wp-block-media-text__content\">\n<h5 class=\"wp-block-heading has-text-align-center\">Comanda 9,6&#215;6,8cm MD02<\/h5>\n\n\n\n<ul class=\"wp-block-list\">\n<li class=\"has-small-font-size\">Externo: 9,6&#215;6,8cm<\/li>\n\n\n\n<li class=\"has-small-font-size\">Arte: 5,6&#215;8,4 cm<\/li>\n\n\n\n<li class=\"has-small-font-size\">Espessura: 0,5cm<\/li>\n\n\n\n<li class=\"has-small-font-size\">C\u00f3d barras, Qrcode, CHIP RFID, Chip antifurto, instagram, whatsapp, etc;<\/li>\n\n\n\n<li class=\"has-small-font-size\">Pode utilizar em catraca 9&#215;7, e tamb\u00e9m em algumas catracas de comanda com 0,3cm de espessura<\/li>\n<\/ul>\n<\/div><\/div>\n<\/div>\n\n\n\n<div class=\"wp-block-column is-layout-flow wp-block-column-is-layout-flow\">\n<div class=\"wp-block-media-text has-media-on-the-right is-stacked-on-mobile\"><div class=\"wp-block-media-text__content\">\n<h4 class=\"wp-block-heading has-text-align-center\">Comanda cart\u00e3o PVC<\/h4>\n\n\n\n<ul class=\"wp-block-list\">\n<li class=\"has-small-font-size\">Externo e arte: 8,4&#215;5,6cm;<\/li>\n\n\n\n<li class=\"has-small-font-size\">Espessura 0,76mm ( espessura de cart\u00e3o cr\u00e9dito );<\/li>\n\n\n\n<li class=\"has-small-font-size\">Cod barras, Qrcode, RFID, instagram, whats, etc.  N\u00e3o compat\u00edvel com antifurto;<\/li>\n\n\n\n<li class=\"has-small-font-size\">Utiliza em catracas de cart\u00e3o.<\/li>\n<\/ul>\n<\/div><figure class=\"wp-block-media-text__media\"><img loading=\"lazy\" decoding=\"async\" width=\"1024\" height=\"1024\" src=\"https:\/\/produtos.allcard.com.br\/wp-content\/uploads\/2024\/04\/Design-sem-nome-20-1024x1024.png\" alt=\"\" class=\"wp-image-88 size-full\" srcset=\"https:\/\/produtos.allcard.com.br\/wp-content\/uploads\/2024\/04\/Design-sem-nome-20-1024x1024.png 1024w, https:\/\/produtos.allcard.com.br\/wp-content\/uploads\/2024\/04\/Design-sem-nome-20-300x300.png 300w, https:\/\/produtos.allcard.com.br\/wp-content\/uploads\/2024\/04\/Design-sem-nome-20-150x150.png 150w, https:\/\/produtos.allcard.com.br\/wp-content\/uploads\/2024\/04\/Design-sem-nome-20-768x768.png 768w, https:\/\/produtos.allcard.com.br\/wp-content\/uploads\/2024\/04\/Design-sem-nome-20-600x600.png 600w, https:\/\/produtos.allcard.com.br\/wp-content\/uploads\/2024\/04\/Design-sem-nome-20-100x100.png 100w, https:\/\/produtos.allcard.com.br\/wp-content\/uploads\/2024\/04\/Design-sem-nome-20.png 1200w\" sizes=\"(max-width: 1024px) 100vw, 1024px\" \/><\/figure><\/div>\n<\/div>\n<\/div>\n\n\n\n<div class=\"wp-block-columns is-layout-flex wp-container-core-columns-is-layout-9d6595d7 wp-block-columns-is-layout-flex\">\n<div class=\"wp-block-column is-layout-flow wp-block-column-is-layout-flow\">\n<div class=\"wp-block-media-text is-stacked-on-mobile\"><figure class=\"wp-block-media-text__media\"><\/figure><div class=\"wp-block-media-text__content\">\n<h4 class=\"wp-block-heading has-text-align-center\">Face p\/ comanda 10&#215;15<\/h4>\n\n\n\n<ul class=\"wp-block-list\">\n<li class=\"has-small-font-size\">PVC laminado com 0,46mm e dupla face no verso cobrindo toda \u00e1rea;<\/li>\n\n\n\n<li class=\"has-small-font-size\">Alta qualidade de impress\u00e3o;<\/li>\n\n\n\n<li class=\"has-small-font-size\">Dupla face de alta ader\u00eancia, para voc\u00ea trocar arte e patrocinadores por exemplo;<\/li>\n\n\n\n<li class=\"has-small-font-size\">Comercializado por face<\/li>\n<\/ul>\n<\/div><\/div>\n<\/div>\n\n\n\n<div class=\"wp-block-column is-layout-flow wp-block-column-is-layout-flow\">\n<div class=\"wp-block-media-text has-media-on-the-right is-stacked-on-mobile\"><div class=\"wp-block-media-text__content\">\n<h5 class=\"wp-block-heading has-text-align-center\">Face p\/ comanda 9,6&#215;6,8 MD 01<\/h5>\n\n\n\n<ul class=\"wp-block-list\">\n<li class=\"has-small-font-size\">PVC laminado com 0,46mm e dupla face no verso cobrindo toda \u00e1rea;<\/li>\n\n\n\n<li class=\"has-small-font-size\">Impress\u00e3o de qualidade;<\/li>\n\n\n\n<li class=\"has-small-font-size\">Dupla face de alta ader\u00eancia;<\/li>\n\n\n\n<li class=\"has-small-font-size\">Comercializado por face;<\/li>\n\n\n\n<li class=\"has-small-font-size\">Compat\u00edvel com nossa comanda 9,6&#215;6,8 MD01 ( \u00e1rea arte 6,2&#215;9 cm )<\/li>\n<\/ul>\n<\/div><figure class=\"wp-block-media-text__media\"><\/figure><\/div>\n<\/div>\n<\/div>\n\n\n\n<div class=\"wp-block-columns is-layout-flex wp-container-core-columns-is-layout-9d6595d7 wp-block-columns-is-layout-flex\">\n<div class=\"wp-block-column is-layout-flow wp-block-column-is-layout-flow\">\n<div class=\"wp-block-media-text is-stacked-on-mobile\"><figure class=\"wp-block-media-text__media\"><\/figure><div class=\"wp-block-media-text__content\">\n<h5 class=\"wp-block-heading has-text-align-center\">Face p\/ comanda 9,6&#215;6,8 MD 02<\/h5>\n\n\n\n<ul class=\"wp-block-list\">\n<li class=\"has-small-font-size\">PVC laminado com 0,46mm e dupla face no verso cobrindo toda \u00e1rea;<\/li>\n\n\n\n<li class=\"has-small-font-size\">Impress\u00e3o de qualidade;<\/li>\n\n\n\n<li class=\"has-small-font-size\">Dupla face de alta ader\u00eancia;<\/li>\n\n\n\n<li class=\"has-small-font-size\">Comercializado por face;<\/li>\n\n\n\n<li class=\"has-small-font-size\">Compat\u00edvel com nossa comanda 9,6&#215;6,8 MD02 ( \u00e1rea arte 8,4&#215;5,6 cm 0<\/li>\n<\/ul>\n<\/div><\/div>\n<\/div>\n\n\n\n<div class=\"wp-block-column is-layout-flow wp-block-column-is-layout-flow\">\n<div class=\"wp-block-media-text has-media-on-the-right is-stacked-on-mobile\"><div class=\"wp-block-media-text__content\">\n<h5 class=\"wp-block-heading has-text-align-center\">CHIP Antifurto RF 8,2<\/h5>\n\n\n\n<ul class=\"wp-block-list\">\n<li class=\"has-small-font-size\">Para nossas comandas 9,6&#215;6,8 ( MD01 e MD02 ) e com a 10&#215;15 cm;<\/li>\n\n\n\n<li class=\"has-small-font-size\">Compat\u00edvel com outras comandas do mercado que possuam espa\u00e7o para colocar o CHIP;<\/li>\n\n\n\n<li class=\"has-small-font-size\">N\u00e3o perde a identifica\u00e7\u00e3o com o tempo;<\/li>\n\n\n\n<li class=\"has-small-font-size\">N\u00e3o pode ser desativada;<\/li>\n\n\n\n<li class=\"has-small-font-size\">Excelente capta\u00e7\u00e3o de sinal pela antena<\/li>\n<\/ul>\n<\/div><figure class=\"wp-block-media-text__media\"><img loading=\"lazy\" decoding=\"async\" width=\"367\" height=\"287\" src=\"https:\/\/produtos.allcard.com.br\/wp-content\/uploads\/2024\/05\/Tag-Modelo-22.png\" alt=\"\" class=\"wp-image-114 size-full\" srcset=\"https:\/\/produtos.allcard.com.br\/wp-content\/uploads\/2024\/05\/Tag-Modelo-22.png 367w, https:\/\/produtos.allcard.com.br\/wp-content\/uploads\/2024\/05\/Tag-Modelo-22-300x235.png 300w\" sizes=\"(max-width: 367px) 100vw, 367px\" \/><\/figure><\/div>\n<\/div>\n<\/div>\n\n\n\n<div class=\"wp-block-columns is-layout-flex wp-container-core-columns-is-layout-9d6595d7 wp-block-columns-is-layout-flex\">\n<div class=\"wp-block-column is-layout-flow wp-block-column-is-layout-flow\">\n<div class=\"wp-block-media-text is-stacked-on-mobile\" style=\"grid-template-columns:42% auto\"><figure class=\"wp-block-media-text__media\"><img loading=\"lazy\" decoding=\"async\" width=\"300\" height=\"300\" src=\"https:\/\/produtos.allcard.com.br\/wp-content\/uploads\/2024\/06\/Design-sem-nome-60.png\" alt=\"\" class=\"wp-image-167 size-full\" srcset=\"https:\/\/produtos.allcard.com.br\/wp-content\/uploads\/2024\/06\/Design-sem-nome-60.png 300w, https:\/\/produtos.allcard.com.br\/wp-content\/uploads\/2024\/06\/Design-sem-nome-60-150x150.png 150w, https:\/\/produtos.allcard.com.br\/wp-content\/uploads\/2024\/06\/Design-sem-nome-60-100x100.png 100w\" sizes=\"(max-width: 300px) 100vw, 300px\" \/><\/figure><div class=\"wp-block-media-text__content\">\n<h5 class=\"wp-block-heading has-text-align-center\">CHIP RFID coin<\/h5>\n\n\n\n<ul class=\"wp-block-list\">\n<li class=\"has-small-font-size\">Compat\u00edvel com as comandas 9,6&#215;6,8 ( MD01 e MD02 ) e a 10x15cm<\/li>\n\n\n\n<li class=\"has-small-font-size\">Material ABS;<\/li>\n\n\n\n<li class=\"has-small-font-size\">2,5 cm de di\u00e2metro;<\/li>\n\n\n\n<li class=\"has-small-font-size\">CHIP TK4100<\/li>\n<\/ul>\n<\/div><\/div>\n<\/div>\n\n\n\n<div class=\"wp-block-column is-layout-flow wp-block-column-is-layout-flow\">\n<div class=\"wp-block-media-text has-media-on-the-right is-stacked-on-mobile\"><div class=\"wp-block-media-text__content\">\n<h5 class=\"wp-block-heading has-text-align-center\">CHIP RFID p\/ comandas;<\/h5>\n\n\n\n<ul class=\"wp-block-list\">\n<li class=\"has-small-font-size\">Compat\u00edvel com comandas 9,6&#215;6,8 ( MD01 e MD02 ) e a 10&#215;15 cm;<\/li>\n\n\n\n<li class=\"has-small-font-size\">tamanho: 5,4&#215;8,6cm;<\/li>\n\n\n\n<li class=\"has-small-font-size\">Material PVC<\/li>\n\n\n\n<li class=\"has-small-font-size\">Para uso interno ( n\u00e3o imprim\u00edvel em termo transfer\u00eancia )<\/li>\n<\/ul>\n<\/div><figure class=\"wp-block-media-text__media\"><\/figure><\/div>\n<\/div>\n<\/div>\n","protected":false},"excerpt":{"rendered":"<p>Comanda 10&#215;15 cm Comanda 9,6&#215;6,8cm MD01 Comanda 9,6&#215;6,8cm MD02 Comanda cart\u00e3o PVC Face p\/ comanda 10&#215;15 Face p\/ comanda 9,6&#215;6,8 MD 01 Face p\/ comanda 9,6&#215;6,8 MD 02 CHIP Antifurto RF 8,2 CHIP RFID coin CHIP RFID p\/ comandas;<\/p>\n","protected":false},"author":1,"featured_media":0,"parent":0,"menu_order":0,"comment_status":"closed","ping_status":"closed","template":"","meta":{"_monsterinsights_skip_tracking":false,"_monsterinsights_sitenote_active":false,"_monsterinsights_sitenote_note":"","_monsterinsights_sitenote_category":0,"neve_meta_sidebar":"","neve_meta_container":"","neve_meta_enable_content_width":"","neve_meta_content_width":0,"neve_meta_title_alignment":"","neve_meta_author_avatar":"","neve_post_elements_order":"","neve_meta_disable_header":"","neve_meta_disable_footer":"","neve_meta_disable_title":"","footnotes":""},"class_list":["post-42","page","type-page","status-publish","hentry"],"aioseo_notices":[],"_hostinger_reach_plugin_has_subscription_block":false,"_hostinger_reach_plugin_is_elementor":false,"_links":{"self":[{"href":"https:\/\/produtos.allcard.com.br\/index.php\/wp-json\/wp\/v2\/pages\/42","targetHints":{"allow":["GET"]}}],"collection":[{"href":"https:\/\/produtos.allcard.com.br\/index.php\/wp-json\/wp\/v2\/pages"}],"about":[{"href":"https:\/\/produtos.allcard.com.br\/index.php\/wp-json\/wp\/v2\/types\/page"}],"author":[{"embeddable":true,"href":"https:\/\/produtos.allcard.com.br\/index.php\/wp-json\/wp\/v2\/users\/1"}],"replies":[{"embeddable":true,"href":"https:\/\/produtos.allcard.com.br\/index.php\/wp-json\/wp\/v2\/comments?post=42"}],"version-history":[{"count":38,"href":"https:\/\/produtos.allcard.com.br\/index.php\/wp-json\/wp\/v2\/pages\/42\/revisions"}],"predecessor-version":[{"id":168,"href":"https:\/\/produtos.allcard.com.br\/index.php\/wp-json\/wp\/v2\/pages\/42\/revisions\/168"}],"wp:attachment":[{"href":"https:\/\/produtos.allcard.com.br\/index.php\/wp-json\/wp\/v2\/media?parent=42"}],"curies":[{"name":"wp","href":"https:\/\/api.w.org\/{rel}","templated":true}]}}